960.
2, 5, 13, 263, 887
What are the prime factors of 7826560069?
41, 190891709
What are the prime factors of 315871149?
3, 11, 53, 313, 577
What are the prime factors of 216905022?
2, 3, 103, 116993
List the prime factors of 780405567.
3, 59, 137, 32183
List the prime factors of 1673032920.
2, 3, 5, 13, 1072457
What are the prime factors of 151900913?
151900913
List the prime factors of 154469388.
2, 3, 12872449
List the prime factors of 82262894.
2, 7, 19, 309259
List the prime factors of 23387951.
23387951
What are the prime factors of 199343596?
2, 49835899
What are the prime factors of 613318048?
2, 7, 2738027
What are the prime factors of 414677697?
3, 7, 181, 109097
List the prime factors of 74422176.
2, 3, 53, 14627
What are the prime factors of 26483615?
5, 131, 40433
What are the prime factors of 3792902713?
61, 62178733
What are the prime factors of 118073128?
2, 3307, 4463
What are the prime factors of 100209606?
2, 3, 7, 340849
List the prime factors of 734532529.
734532529
What are the prime factors of 1723360314?
2, 3, 13, 22094363
What are the prime factors of 423145798?
2, 1327, 159437
List the prime factors of 1306724613.
3, 181, 239, 10069
What are the prime factors of 70939753?
4937, 14369
List the prime factors of 1089851704.
2, 19, 71, 100987
What are the prime factors of 133880466?
2, 3, 22313411
List the prime factors of 434887779.
3, 41, 3535673
What are the prime factors of 8175898860?
2, 3, 5, 2099, 64919
What are the prime factors of 1859759318?
2, 467, 1991177
List the prime factors of 255296599.
17, 29, 59, 67, 131
What are the prime factors of 1233376711?
7, 176196673
List the prime factors of 68584646.
2, 13, 89, 107, 277
List the prime factors of 1012967293.
13, 5441, 14321
What are the prime factors of 16353887?
11, 367, 4051
What are the prime factors of 86634792?
2, 3, 401087
What are the prime factors of 517994683?
517994683
What are the prime factors of 719455139?
13, 4257131
List the prime factors of 36265998.
2, 3, 17, 355549
What are the prime factors of 1354639955?
5, 11549, 23459
List the prime factors of 5518780246.
2, 7, 13043, 30223
List the prime factors of 1207066805.
5, 7, 34487623
List the prime factors of 445983915.
3, 5, 13, 23, 99439
What are the prime factors of 40996644?
2, 3, 13, 109, 2411
List the prime factors of 6425928039.
3, 17, 359, 350971
What are the prime factors of 353449881?
3, 39272209
What are the prime factors of 1561582022?
2, 7, 11, 13, 17, 2699
List the prime factors of 214138104.
2, 3, 8922421
What are the prime factors of 51929754?
2, 3, 8654959
What are the prime factors of 412124684?
2, 29, 709, 5011
List the prime factors of 44120699.
7, 6302957
List the prime factors of 27474645.
3, 5, 11, 73, 2281
List the prime factors of 635460418.
2, 317730209
What are the prime factors of 102059251?
7, 14579893
What are the prime factors of 184702815?
3, 5, 11, 61, 2039
List the prime factors of 12002088.
2, 3, 7, 199, 359
What are the prime factors of 49060963?
7, 17, 412277
List the prime factors of 262513073.
61, 4303493
List the prime factors of 55962605.
5, 29, 107, 3607
What are the prime factors of 67382199?
3, 92431
List the prime factors of 1122005888.
2, 109, 137, 587
What are the prime factors of 1258170679?
23, 54703073
What are the prime factors of 207893277?
3, 157, 49043
List the prime factors of 669315601.
7841, 85361
What are the prime factors of 53889740?
2, 5, 179, 15053
What are the prime factors of 10412794?
2, 7, 43, 353
What are the prime factors of 1547102820?
2, 3, 5, 23, 79, 617
List the prime factors of 370121102.
2, 13, 19, 359, 2087
What are the prime factors of 1587536588?
2, 11, 36080377
List the prime factors of 103745281.
101, 1027181
What are the prime factors of 315711994?
2, 13, 12142769
What are the prime factors of 98868943?
89, 1110887
What are the prime factors of 43834499?
43834499
List the prime factors of 111598514.
2, 19, 2936803
List the prime factors of 40682555.
5, 1699, 4789
What are the prime factors of 145880157?
3, 19, 1097, 2333
List the prime factors of 291103415.
5, 58220683
List the prime factors of 680216.
2, 85027
What are the prime factors of 73781048?
2, 11, 838421
What are the prime factors of 823695192?
2, 3, 11440211
List the prime factors of 1207193482.
2, 11, 1427, 38453
List the prime factors of 59176558.
2, 7, 17, 248641
What are the prime factors of 192196457?
19, 811, 12473
What are the prime factors of 99755402?
2, 1553, 32117
List the prime factors of 24216172.
2, 151, 40093
List the prime factors of 590877004.
2, 147719251
What are the prime factors of 1305997424?
2, 3617, 22567
List the prime factors of 14527288.
2, 1815911
What are the prime factors of 381518577?
3, 11, 29, 132887
List the prime factors of 703758630.
2, 3, 5, 23458621
List the prime factors of 408283981.
7, 31, 1881493
List the prime factors of 132554331.
3, 7, 13, 29, 5581
List the prime factors of 4965282755.
5, 993056551
List the prime factors of 2204562715.
5, 3851, 114493
List the prime factors of 41725359.
3, 13, 503, 709
What are the prime factors of 185322842?
2, 92661421
List the prime factors of 382295069.
13, 31, 43, 1697
What are the prime factors of 571826545?
5, 71, 1610779
What are the prime factors of 3373674617?
47, 71780311
List the prime factors of 1821143396.
2, 43, 1117, 9479
What are the prime factors of 79998738?
2, 3, 23, 579701
What are the prime factors of 80652124?
2, 7, 2880433
What are the prime factors of 12735543?
3, 41, 47, 2203
What are the prime factors of 273403368?
2, 3, 7, 542467
List the prime factors of 11348023.
11348023
List the prime factors of 74765798.
2, 19, 1967521
What are the prime factors of 26122453?
7, 41, 91019
What are the prime factors of 103580438?
2, 13, 19, 127
List the prime factors of 603911550.
2, 3, 5, 11, 41, 79, 113
What are the prime factors of 219318490?
2, 5, 31, 43, 16453
What are the prime factors of 27117430?
2, 5, 2711743
List the prime factors of 112720014.
2, 3, 11, 97, 5869
List the prime factors of 39135026.
2, 7, 241, 1657
List the prime factors of 55336780.
2, 5, 859, 3221
List the prime factors of 160212131.
17, 9424243
List the prime factors of 657192337.
1069, 614773
What are the prime factors of 3306083142?
2, 3, 109, 5055173
List the prime factors of 346818924.
2, 3, 9633859
What are the prime factors of 1015614044?
2, 253903511
What are the prime factors of 1954672336?
2, 122167021
What are the prime factors of 49574184?
2, 3, 11, 43, 397
List the prime factors of 945167280.
2, 3, 5, 3938197
List the prime factors of 2294641918.
2, 3061, 374819
List the prime factors of 707616557.
43, 881, 18679
What are the prime factors of 1230362358?
2, 3, 41, 241, 20753
What are the prime factors of 88515630?
2, 3, 5, 7, 109, 1289
What are the prime factors of 53893820?
2, 5, 2694691
What are the prime factors of 16628512?
2, 137, 3793
List the prime factors of 40626698.
2, 7, 79, 109, 337
List the prime factors of 164480266.
2, 199, 413267
What are the prime factors of 43688173?
113, 386621
What are the prime factors of 52295030?
2, 5, 19, 449, 613
What are the prime factors of 368104441?
257, 1432313
What are the prime factors of 5150088007?
5150088007
What are the prime factors of 2665262013?
3, 888420671
List the prime factors of 115518195.
3, 5, 13, 19, 547
What are the prime factors of 3118041335?
5, 47, 73, 181757
List the prime factors of 2018426612.
2, 504606653
List the prime factors of 3499730366.
2, 11, 233, 461, 1481
What are the prime factors of 1015478894?
2, 1619, 313613
What are the prime factors of 644923153?
7, 41, 321017
What are the prime factors of 904312152?
2, 3, 12559891
List the prime factors of 48014625.
3, 5, 61, 2099
List the prime factors of 728330983.
17, 42842999
List the prime factors of 45019428.
2, 3, 1873, 2003
List the prime factors of 655760944.
2, 53, 127, 6089
List the prime factors of 20366816.
2, 17, 29, 1291
What are the prime factors of 583487476?
2, 11, 13, 421, 2423
List the prime factors of 100493854.
2, 23, 2184649
What are the prime factors of 206541170?
2, 5, 11, 557, 3371
What are the prime factors of 382119118?
2, 47, 4065097
List the prime factors of 4858812736.
2, 53, 127, 11279
List the prime factors of 84428729.